 73326017
What are the prime factors of 900938802?
2, 3, 31, 4843757
List the prime factors of 472819566.
2, 3, 1361, 57901
What are the prime factors of 10909539?
3, 29, 13933
What are the prime factors of 156182813?
263, 593851
What are the prime factors of 60287433?
3, 29, 347, 1997
List the prime factors of 61354108.
2, 89, 172343
What are the prime factors of 63274748?
2, 17, 23, 1759
List the prime factors of 770463942.
2, 3, 617, 208121
List the prime factors of 4198138527.
3, 11, 127216319
List the prime factors of 122344235.
5, 13, 181, 10399
What are the prime factors of 38525161?
23, 1675007
List the prime factors of 161164859.
19, 37, 229253
List the prime factors of 23262335.
5, 107, 43481
List the prime factors of 247017409.
67, 313, 11779
List the prime factors of 30313804.
2, 37, 239, 857
List the prime factors of 118623630.
2, 3, 5, 29, 59, 2311
What are the prime factors of 28602427?
7, 83389
What are the prime factors of 147763262?
2, 41, 43951
List the prime factors of 286827450.
2, 3, 5, 7, 13, 21013
List the prime factors of 262510704.
2, 3, 1019, 1789
List the prime factors of 19393687.
19393687
What are the prime factors of 882632513?
7, 6197, 20347
List the prime factors of 37222499.
37222499
List the prime factors of 44197969.
139, 317971
List the prime factors of 55927535.
5, 17, 37, 17783
What are the prime factors of 963035315?
5, 11, 17509733
What are the prime factors of 114011213?
114011213
What are the prime factors of 218614983?
3, 53, 1374937
What are the prime factors of 1115701374?
2, 3, 185950229
List the prime factors of 2284744120.
2, 5, 29, 263, 7489
What are the prime factors of 98779120?
2, 5, 11, 112249
What are the prime factors of 651908225?
5, 2621, 9949
List the prime factors of 199452321.
3, 563, 13121
What are the prime factors of 92871798?
2, 3, 127, 307, 397
List the prime factors of 562297309.
7, 80328187
What are the prime factors of 1026555221?
1026555221
List the prime factors of 6537496776.
2, 3, 272395699
List the prime factors of 3357619130.
2, 5, 29, 953, 12149
List the prime factors of 4566575.
5, 13, 14051
What are the prime factors of 7693302526?
2, 7, 13, 29, 208231
List the prime factors of 114951470.
2, 5, 23, 43, 59, 197
What are the prime factors of 122404436?
2, 7, 11, 23, 37, 467
List the prime factors of 2206388788.
2, 29, 61, 79, 3947
List the prime factors of 72427547.
72427547
What are the prime factors of 560364684?
2, 3, 11, 67, 63361
What are the prime factors of 3173319069?
3, 47, 103, 4649
List the prime factors of 1085645356.
2, 23, 1321, 8933
What are the prime factors of 1262304521?
47, 1307, 20549
List the prime factors of 544958973.
3, 13, 4657769
List the prime factors of 855960011.
855960011
What are the prime factors of 3179036394?
2, 3, 176613133
What are the prime factors of 27278218?
2, 11, 1239919
What are the prime factors of 117991576?
2, 97, 383, 397
What are the prime factors of 962809404?
2, 3, 3011, 26647
What are the prime factors of 170940667?
109, 1568263
What are the prime factors of 319994729?
29, 11034301
What are the prime factors of 104359464?
2, 3, 11, 17, 23, 337
What are the prime factors of 31268822?
2, 13, 23, 52289
What are the prime factors of 159426154?
2, 79713077
What are the prime factors of 105423192?
2, 3, 7, 209173
List the prime factors of 240025405.
5, 31, 131, 11821
List the prime factors of 681662335.
5, 19, 149, 48157
List the prime factors of 119990186.
2, 37, 1621489
What are the prime factors of 348515469?
3, 37, 701, 1493
List the prime factors of 16788525.
3, 5, 13, 67, 257
What are the prime factors of 1045116263?
181, 5774123
List the prime factors of 8887339352.
2, 67, 151, 109807
List the prime factors of 1018621583.
7, 145517369
What are the prime factors of 74401874?
2, 109, 341293
What are the prime factors of 4133717383?
4133717383
List the prime factors of 42062398.
2, 7, 59, 50923
List the prime factors of 4108277759.
31, 132525089
List the prime factors of 72053146.
2, 11, 3275143
What are the prime factors of 7351705790?
2, 5, 11, 13, 53, 97001
What are the prime factors of 231255765?
3, 5, 13, 395309
List the prime factors of 94170690.
2, 3, 5, 601, 1741
What are the prime factors of 209424?
2, 3, 4363
List the prime factors of 57990801.
3, 11, 31, 56687
What are the prime factors of 519094943?
1481, 350503
What are the prime factors of 1371092240?
2, 5, 7, 2448379
What are the prime factors of 27473557?
53, 257, 2017
What are the prime factors of 108258508?
2, 29, 933263
List the prime factors of 78557173.
43, 103, 17737
What are the prime factors of 622304752?
2, 229, 169843
List the prime factors of 52855669.
17, 3109157
List the prime factors of 2265242037.
3, 17291, 43669
What are the prime factors of 3991159109?
7, 757, 753191
What are the prime factors of 158331527?
158331527
What are the prime factors of 115007651?
11, 131, 79811
List the prime factors of 8471496.
2, 3, 11, 32089
What are the prime factors of 553495152?
2, 3, 7, 1647307
What are the prime factors of 262841544?
2, 3, 7, 131, 1327
What are the prime factors of 439130?
2, 5, 43913
List the prime factors of 1502462033.
1502462033
What are the prime factors of 784495285?
5, 7, 1093, 20507
List the prime factors of 1389637897.
23, 37, 173, 9439
What are the prime factors of 176279889?
3, 23, 73, 79, 443
What are the prime factors of 1468170747?
3, 163130083
List the prime factors of 703090631.
703090631
What are the prime factors of 52418585?
5, 10483717
List the prime factors of 37797919.
17, 2223407
What are the prime factors of 449296341?
3, 13, 11520419
List the prime factors of 409567939.
11, 31, 137, 797
List the prime factors of 55181736.
2, 3, 31, 41, 67
List the prime factors of 55337863.
7, 821, 9629
List the prime factors of 51864875.
5, 17, 24407
List the prime factors of 1117149354.
2, 3, 20687951
What are the prime factors of 973955321?
6833, 142537
What are the prime factors of 3538790701?
79, 44794819
List the prime factors of 137967035.
5, 757, 36451
What are the prime factors of 176077905?
3, 5, 43, 272989
What are the prime factors of 1339019160?
2, 3, 5, 59, 189127
List the prime factors of 16542654.
2, 3, 19, 31, 151
What are the prime factors of 161001572?
2, 4451, 9043
List the prime factors of 272243008.
2, 103, 41299
List the prime factors of 117929877.
3, 13, 3023843
List the prime factors of 1591263235.
5, 318252647
List the prime factors of 675751846.
2, 7, 11, 1163
What are the prime factors of 815171326?
2, 19, 21451877
What are the prime factors of 130741387?
7, 37, 151, 3343
List the prime factors of 158419346.
2, 6491, 12203
What are the prime factors of 3068580?
2, 3, 5, 199, 257
What are the prime factors of 842576249?
31, 27179879
What are the prime factors of 231002956?
2, 57750739
List the prime factors of 45780478.
2, 509, 44971
List the prime factors of 166865150.
2, 5, 103, 32401
List the prime factors of 237998086.
2, 79, 1506317
List the prime factors of 524261871.
3, 7, 1327, 6271
List the prime factors of 833920583.
19, 43890557
What are the prime factors of 1007416177?
1007416177
What are the prime factors of 61891996?
2, 31, 499129
What are the prime factors of 71202353?
71202353
List the prime factors of 52529054.
2, 26264527
List the prime factors of 167098659.
3, 7, 13, 612083
What are the prime factors of 158369198?
2, 13, 2003, 3041
What are the prime factors of 42579343?
461, 92363
List the prime factors of 238171671.
3, 2940391
List the prime factors of 2761494963.
3, 37, 1187, 20959
What are the prime factors of 221054995?
5, 7, 17, 103, 3607
What are the prime factors of 45375148?
2, 7, 13, 43, 223
List the prime factors of 125017792.
2, 31, 61, 1033
What are the prime factors of 63768327?
3, 7, 449, 6763
List the prime factors of 5922994.
2, 7, 11, 38461
What are the prime factors of 1515512?
2, 189439
What are the prime factors of 108629529?
3, 23, 1574341
List the prime factors of 282310645.
5, 19, 31, 257, 373
What are the prime factors of 3659024403?
3, 406558267
What are the prime factors of 1051371629?
7, 11, 43, 317539
List the prime factors of 38017539.
3, 7, 201151
What are the prime factors of 111499602?
2, 3, 43, 131, 3299
What are the prime factors of 1140363600?